{"id":338,"date":"2022-03-08T21:15:19","date_gmt":"2022-03-09T00:15:19","guid":{"rendered":"https:\/\/laubijou.store\/lau\/?post_type=product&#038;p=338"},"modified":"2024-07-28T20:21:48","modified_gmt":"2024-07-28T23:21:48","slug":"dije-delfin-con-cadena","status":"publish","type":"product","link":"https:\/\/laubijou.store\/lau\/producto\/dije-delfin-con-cadena\/","title":{"rendered":"Dije Delf\u00edn con cadena"},"content":{"rendered":"<p>Dije Delf\u00edn con cadena inclu\u00edda. C. LB60003<\/p>\n","protected":false},"excerpt":{"rendered":"<p>Dije Delf\u00edn con cadena inclu\u00edda. C. LB60003<\/p>\n","protected":false},"featured_media":339,"template":"","meta":{"_joinchat":[]},"product_brand":[],"product_cat":[25,23],"product_tag":[20,18],"class_list":{"0":"post-338","1":"product","2":"type-product","3":"status-publish","4":"has-post-thumbnail","6":"product_cat-conjuntos","7":"product_cat-dijes","8":"product_tag-combos","9":"product_tag-dijes","11":"first","12":"instock","13":"sale","14":"shipping-taxable","15":"purchasable","16":"product-type-simple"},"jetpack_sharing_enabled":true,"_links":{"self":[{"href":"https:\/\/laubijou.store\/lau\/wp-json\/wp\/v2\/product\/338","targetHints":{"allow":["GET"]}}],"collection":[{"href":"https:\/\/laubijou.store\/lau\/wp-json\/wp\/v2\/product"}],"about":[{"href":"https:\/\/laubijou.store\/lau\/wp-json\/wp\/v2\/types\/product"}],"wp:featuredmedia":[{"embeddable":true,"href":"https:\/\/laubijou.store\/lau\/wp-json\/wp\/v2\/media\/339"}],"wp:attachment":[{"href":"https:\/\/laubijou.store\/lau\/wp-json\/wp\/v2\/media?parent=338"}],"wp:term":[{"taxonomy":"product_brand","embeddable":true,"href":"https:\/\/laubijou.store\/lau\/wp-json\/wp\/v2\/product_brand?post=338"},{"taxonomy":"product_cat","embeddable":true,"href":"https:\/\/laubijou.store\/lau\/wp-json\/wp\/v2\/product_cat?post=338"},{"taxonomy":"product_tag","embeddable":true,"href":"https:\/\/laubijou.store\/lau\/wp-json\/wp\/v2\/product_tag?post=338"}],"curies":[{"name":"wp","href":"https:\/\/api.w.org\/{rel}","templated":true}]}}